{"id":47,"date":"2023-10-23T22:09:23","date_gmt":"2023-10-23T20:09:23","guid":{"rendered":"https:\/\/origami-formations-sante.fr\/?page_id=47"},"modified":"2023-10-25T09:20:56","modified_gmt":"2023-10-25T07:20:56","slug":"qui-suis-je","status":"publish","type":"page","link":"https:\/\/origami-formations-sante.fr\/index.php\/qui-suis-je\/","title":{"rendered":"Qui suis-je\u00a0?"},"content":{"rendered":"\n<h2 class=\"wp-block-heading\"><strong>Dr. Juliette Bouteloup &#8211; H\u00e9matologue, Formatrice Multidisciplinaire et Cr\u00e9atrice de Contenus<\/strong><\/h2>\n\n\n\n<p>Bienvenue mon site web, je m\u2019appelle Dr. Juliette Bouteloup et je suis une professionnelle polyvalente qui conjugue l&#8217;expertise m\u00e9dicale en h\u00e9matologie \u00e0 la formation en sant\u00e9, management, communication, Process Com Model\u00ae et qualit\u00e9 de vie au travail. En plus de ses formations, j\u2019anime des s\u00e9minaires et cr\u00e9e des podcasts captivants.<\/p>\n\n\n\n<h2 class=\"wp-block-heading\">\u00c0 Propos du Dr. Juliette Bouteloup<\/h2>\n\n\n\n<p>Je suis un m\u00e9decin chevronn\u00e9 sp\u00e9cialis\u00e9 en h\u00e9matologie, avec plusieurs ann\u00e9es d&#8217;exp\u00e9rience clinique. J\u2019excelle dans le diagnostic et le traitement des affections du sang tout en veillant au bien-\u00eatre global de ses patients.<\/p>\n\n\n\n<figure class=\"wp-block-image size-large\"><img loading=\"lazy\" decoding=\"async\" width=\"1024\" height=\"768\" src=\"https:\/\/origami-formations-sante.fr\/wp-content\/uploads\/2023\/10\/DSF4089-1024x768.jpg\" alt=\"\" class=\"wp-image-162\" srcset=\"https:\/\/origami-formations-sante.fr\/wp-content\/uploads\/2023\/10\/DSF4089-1024x768.jpg 1024w, https:\/\/origami-formations-sante.fr\/wp-content\/uploads\/2023\/10\/DSF4089-300x225.jpg 300w, https:\/\/origami-formations-sante.fr\/wp-content\/uploads\/2023\/10\/DSF4089-768x576.jpg 768w, https:\/\/origami-formations-sante.fr\/wp-content\/uploads\/2023\/10\/DSF4089-1536x1152.jpg 1536w, https:\/\/origami-formations-sante.fr\/wp-content\/uploads\/2023\/10\/DSF4089-2048x1536.jpg 2048w\" sizes=\"auto, (max-width: 1024px) 100vw, 1024px\" \/><\/figure>\n\n\n\n<h2 class=\"wp-block-heading\">Formatrice Multidisciplinaire<\/h2>\n\n\n\n<p>J\u2019aime partager ma passion pour l&#8217;apprentissage en proposant une gamme diversifi\u00e9e de formations :<\/p>\n\n\n\n<ul class=\"wp-block-list\">\n<li><strong>Sant\u00e9 :<\/strong> mes formations couvrent un large spectre de sujets m\u00e9dicaux, de la gestion des maladies du sang \u00e0 l\u2019annonce diagnostic en passant par les soins palliatifs.<\/li>\n\n\n\n<li><strong>Management :<\/strong> j\u2019enseigne les comp\u00e9tences en gestion de projet, en leadership, en management interm\u00e9diaire et en gestion des conflits.<\/li>\n\n\n\n<li><strong>Communication :<\/strong> La communication \u00e9tant essentielle \u00e0 toute interaction humaine, je souhaite am\u00e9liorer les comp\u00e9tences en communication interpersonnelle et en communication d&#8217;entreprise.<\/li>\n\n\n\n<li><strong>Process Com Model\u00ae :<\/strong> mes formations en Process Communication aident \u00e0 comprendre les diff\u00e9rents types de personnalit\u00e9 et \u00e0 renforcer les relations interpersonnelles.<\/li>\n\n\n\n<li><strong>Qualit\u00e9 de Vie au Travail :<\/strong> Elle favorise un environnement de travail sain, la coh\u00e9sion d&#8217;\u00e9quipe et la motivation des employ\u00e9s.<\/li>\n<\/ul>\n\n\n\n<h2 class=\"wp-block-heading\">Cr\u00e9atrice de Contenus Engag\u00e9e<\/h2>\n\n\n\n<p>En plus de ses formations, j\u2019anime des s\u00e9minaires inspirants et produit des podcasts \u00e9ducatifs. Ses s\u00e9minaires offrent des exp\u00e9riences d&#8217;apprentissage interactives et ses podcasts sont une source d&#8217;informations pr\u00e9cieuses sur une vari\u00e9t\u00e9 de sujets li\u00e9s \u00e0 la sant\u00e9, et au management dans le monde de la sant\u00e9.<\/p>\n\n\n\n<h2 class=\"wp-block-heading\">Contact<\/h2>\n\n\n\n<p>Pour en savoir plus sur mes services, formations, s\u00e9minaires et podcasts, n&#8217;h\u00e9sitez pas \u00e0 la contacter. Je suis disponible pour r\u00e9pondre \u00e0 vos questions et vous guider dans votre parcours vers le succ\u00e8s professionnel et l\u2019excellence.<\/p>\n","protected":false},"excerpt":{"rendered":"<p>Dr. Juliette Bouteloup &#8211; H\u00e9matologue, Formatrice Multidisciplinaire et Cr\u00e9atrice de Contenus Bienvenue mon site web, je m\u2019appelle Dr. Juliette Bouteloup et je suis une professionnelle polyvalente qui conjugue l&#8217;expertise m\u00e9dicale en h\u00e9matologie \u00e0 la formation en sant\u00e9, management, communication, Process Com Model\u00ae et qualit\u00e9 de vie au travail. En plus de ses formations, j\u2019anime des &hellip;<\/p>\n<p class=\"read-more\"> <a class=\"\" href=\"https:\/\/origami-formations-sante.fr\/index.php\/qui-suis-je\/\"> <span class=\"screen-reader-text\">Qui suis-je\u00a0?<\/span> Read More &raquo;<\/a><\/p>\n","protected":false},"author":1,"featured_media":0,"parent":0,"menu_order":0,"comment_status":"closed","ping_status":"closed","template":"","meta":{"site-sidebar-layout":"default","site-content-layout":"","ast-site-content-layout":"","site-content-style":"default","site-sidebar-style":"default","ast-global-header-display":"","ast-banner-title-visibility":"","ast-main-header-display":"","ast-hfb-above-header-display":"","ast-hfb-below-header-display":"","ast-hfb-mobile-header-display":"","site-post-title":"","ast-breadcrumbs-content":"","ast-featured-img":"","footer-sml-layout":"","theme-transparent-header-meta":"","adv-header-id-meta":"","stick-header-meta":"","header-above-stick-meta":"","header-main-stick-meta":"","header-below-stick-meta":"","astra-migrate-meta-layouts":"","ast-page-background-enabled":"default","ast-page-background-meta":{"desktop":{"background-color":"var(--ast-global-color-4)","background-image":"","background-repeat":"repeat","background-position":"center center","background-size":"auto","background-attachment":"scroll","background-type":"","background-media":"","overlay-type":"","overlay-color":"","overlay-gradient":""},"tablet":{"background-color":"","background-image":"","background-repeat":"repeat","background-position":"center center","background-size":"auto","background-attachment":"scroll","background-type":"","background-media":"","overlay-type":"","overlay-color":"","overlay-gradient":""},"mobile":{"background-color":"","background-image":"","background-repeat":"repeat","background-position":"center center","background-size":"auto","background-attachment":"scroll","background-type":"","background-media":"","overlay-type":"","overlay-color":"","overlay-gradient":""}},"ast-content-background-meta":{"desktop":{"background-color":"var(--ast-global-color-5)","background-image":"","background-repeat":"repeat","background-position":"center center","background-size":"auto","background-attachment":"scroll","background-type":"","background-media":"","overlay-type":"","overlay-color":"","overlay-gradient":""},"tablet":{"background-color":"var(--ast-global-color-5)","background-image":"","background-repeat":"repeat","background-position":"center center","background-size":"auto","background-attachment":"scroll","background-type":"","background-media":"","overlay-type":"","overlay-color":"","overlay-gradient":""},"mobile":{"background-color":"var(--ast-global-color-5)","background-image":"","background-repeat":"repeat","background-position":"center center","background-size":"auto","background-attachment":"scroll","background-type":"","background-media":"","overlay-type":"","overlay-color":"","overlay-gradient":""}},"footnotes":""},"class_list":["post-47","page","type-page","status-publish","hentry"],"_links":{"self":[{"href":"https:\/\/origami-formations-sante.fr\/index.php\/wp-json\/wp\/v2\/pages\/47","targetHints":{"allow":["GET"]}}],"collection":[{"href":"https:\/\/origami-formations-sante.fr\/index.php\/wp-json\/wp\/v2\/pages"}],"about":[{"href":"https:\/\/origami-formations-sante.fr\/index.php\/wp-json\/wp\/v2\/types\/page"}],"author":[{"embeddable":true,"href":"https:\/\/origami-formations-sante.fr\/index.php\/wp-json\/wp\/v2\/users\/1"}],"replies":[{"embeddable":true,"href":"https:\/\/origami-formations-sante.fr\/index.php\/wp-json\/wp\/v2\/comments?post=47"}],"version-history":[{"count":2,"href":"https:\/\/origami-formations-sante.fr\/index.php\/wp-json\/wp\/v2\/pages\/47\/revisions"}],"predecessor-version":[{"id":164,"href":"https:\/\/origami-formations-sante.fr\/index.php\/wp-json\/wp\/v2\/pages\/47\/revisions\/164"}],"wp:attachment":[{"href":"https:\/\/origami-formations-sante.fr\/index.php\/wp-json\/wp\/v2\/media?parent=47"}],"curies":[{"name":"wp","href":"https:\/\/api.w.org\/{rel}","templated":true}]}}