{"id":9,"date":"2023-10-23T18:20:02","date_gmt":"2023-10-23T16:20:02","guid":{"rendered":"https:\/\/origami-formations-sante.fr\/?page_id=9"},"modified":"2023-10-25T09:18:30","modified_gmt":"2023-10-25T07:18:30","slug":"decouvrez-la-process-communication-model-pcm","status":"publish","type":"page","link":"https:\/\/origami-formations-sante.fr\/index.php\/decouvrez-la-process-communication-model-pcm\/","title":{"rendered":"D\u00e9couvrez la Process Communication Model\u00ae (PCM)"},"content":{"rendered":"\n<h2 class=\"wp-block-heading\"><strong>Comprendre et am\u00e9liorer la communication interpersonnelle gr\u00e2ce au mod\u00e8le PC<\/strong><\/h2>\n\n\n\n<p>La communication est au c\u0153ur de toutes les interactions humaines, que ce soit dans le cadre professionnel ou personnel. La Process Communication Model (PCM) est un mod\u00e8le de communication puissant qui offre des perspectives uniques pour comprendre et am\u00e9liorer la communication interpersonnelle. Dans cet article, nous plongerons dans les tenants et aboutissants de la PCM, explorant ses concepts cl\u00e9s et expliquant comment elle peut \u00eatre appliqu\u00e9e pour favoriser des relations plus efficaces.<\/p>\n\n\n\n<figure class=\"wp-block-image size-full\"><img loading=\"lazy\" decoding=\"async\" width=\"173\" height=\"255\" src=\"https:\/\/origami-formations-sante.fr\/wp-content\/uploads\/2023\/10\/image3.png\" alt=\"\" class=\"wp-image-123\"\/><\/figure>\n\n\n\n<h2 class=\"wp-block-heading\"><strong>La PCM permet de comprendre les divers aspects d&#8217;une personnalit\u00e9 pour adapter la communication et \u00e9tablir des relations plus harmonieuses et productives <\/strong><\/h2>\n\n\n\n<p>La PCM, d\u00e9velopp\u00e9e par le psychologue am\u00e9ricain Dr. Taibi Kahler dans les ann\u00e9es 1970, est un mod\u00e8le de personnalit\u00e9 et de communication qui repose sur l&#8217;id\u00e9e que la personnalit\u00e9 d&#8217;une personne peut \u00eatre comprise \u00e0 travers six types de personnalit\u00e9s distincts. Ces types sont&nbsp;: Imagineur, Pers\u00e9v\u00e9rant, Promoteur, Empathique, \u00e9nergiseur et l\u2019Analyseur.<\/p>\n\n\n\n<p>Chaque individu a une structure de personnalit\u00e9 unique compos\u00e9e d&#8217;une combinaison de ces six types, et la PCM propose des outils pour identifier ces structures. Comprendre la composition de la personnalit\u00e9 d&#8217;une personne permet d&#8217;adapter la communication de mani\u00e8re \u00e0 \u00e9tablir des relations plus harmonieuses et productives.<\/p>\n\n\n\n<figure class=\"wp-block-image size-full\"><img loading=\"lazy\" decoding=\"async\" width=\"519\" height=\"526\" src=\"https:\/\/origami-formations-sante.fr\/wp-content\/uploads\/2023\/10\/Capture-decran-2023-10-17-a-09.55.39.png\" alt=\"\" class=\"wp-image-122\" srcset=\"https:\/\/origami-formations-sante.fr\/wp-content\/uploads\/2023\/10\/Capture-decran-2023-10-17-a-09.55.39.png 519w, https:\/\/origami-formations-sante.fr\/wp-content\/uploads\/2023\/10\/Capture-decran-2023-10-17-a-09.55.39-296x300.png 296w, https:\/\/origami-formations-sante.fr\/wp-content\/uploads\/2023\/10\/Capture-decran-2023-10-17-a-09.55.39-300x304.png 300w\" sizes=\"auto, (max-width: 519px) 100vw, 519px\" \/><\/figure>\n\n\n\n<h2 class=\"wp-block-heading\"><strong>Les Six Types de Personnalit\u00e9s :<\/strong><\/h2>\n\n\n\n<ol class=\"wp-block-list\" type=\"1\">\n<li><strong>Imagineur :<\/strong> Orient\u00e9 vers la r\u00e9flexion et l\u2019introspection, l\u2018Imagineur est imaginatif et cr\u00e9atif.<\/li>\n\n\n\n<li><strong>Pers\u00e9v\u00e9rant :<\/strong> Ax\u00e9 sur l\u2019\u00e9change des opinions, le Pers\u00e9v\u00e9rant est consciencieux, observateur et engag\u00e9.<\/li>\n\n\n\n<li><strong>Promoteur :<\/strong> Dynamique et orient\u00e9 vers l&#8217;action, le Promoteur aime relever des d\u00e9fis et prendre des initiatives.<\/li>\n\n\n\n<li><strong>Empathique :<\/strong> Attentif aux besoins des autres, l&#8217;Empathique est chaleureux, sensible et compatissant.<\/li>\n\n\n\n<li><strong>Energiseur :<\/strong> Spontan\u00e9, cr\u00e9atif, le Rebelle recherche le jeux et l&#8217;originalit\u00e9.<\/li>\n\n\n\n<li><strong>Analyseur :<\/strong> Orient\u00e9 information, l\u2019analyseur aime la logique, les responsabilit\u00e9 et l\u2019organisation.<\/li>\n<\/ol>\n\n\n\n<figure class=\"wp-block-image size-full\"><img loading=\"lazy\" decoding=\"async\" width=\"542\" height=\"430\" src=\"https:\/\/origami-formations-sante.fr\/wp-content\/uploads\/2023\/10\/image2.png\" alt=\"\" class=\"wp-image-121\" srcset=\"https:\/\/origami-formations-sante.fr\/wp-content\/uploads\/2023\/10\/image2.png 542w, https:\/\/origami-formations-sante.fr\/wp-content\/uploads\/2023\/10\/image2-300x238.png 300w\" sizes=\"auto, (max-width: 542px) 100vw, 542px\" \/><\/figure>\n\n\n\n<h2 class=\"wp-block-heading\"><strong>Application Pratique de la Process Communication Model\u00ae  :<\/strong><\/h2>\n\n\n\n<ol class=\"wp-block-list\" type=\"1\">\n<li><strong>Communication Efficace :<\/strong> En adaptant votre communication au style de personnalit\u00e9 de votre interlocuteur, vous maximisez les chances de compr\u00e9hension et de coop\u00e9ration.<\/li>\n\n\n\n<li><strong>Gestion des Conflits :<\/strong> Comprendre les types de personnalit\u00e9s impliqu\u00e9es dans un conflit permet d&#8217;aborder les probl\u00e8mes de mani\u00e8re constructive et de trouver des solutions mutuellement b\u00e9n\u00e9fiques.<\/li>\n\n\n\n<li><strong>Leadership :<\/strong> Les leaders peuvent utiliser la PCM pour motiver leur \u00e9quipe en comprenant les besoins et les motivations individuels de chaque membre.<\/li>\n\n\n\n<li><strong>Compr\u00e9hension de ses propres m\u00e9canismes :<\/strong> En identifiant votre propre structure de personnalit\u00e9, la PCM offre des pistes pour le d\u00e9veloppement personnel, en mettant en lumi\u00e8re vos forces et vos zones de croissance.<\/li>\n<\/ol>\n\n\n\n<h2 class=\"wp-block-heading\">La Process Communication Model\u00ae, un outil pr\u00e9cieux<\/h2>\n\n\n\n<p>La Process Communication Model est un outil pr\u00e9cieux pour am\u00e9liorer la qualit\u00e9 de la communication et des relations interpersonnelles. En comprenant les nuances des six types de personnalit\u00e9s, il devient possible de cr\u00e9er un environnement o\u00f9 chacun peut s&#8217;exprimer et collaborer de mani\u00e8re efficace. En int\u00e9grant la PCM dans votre quotidien, vous pouvez transformer la mani\u00e8re dont vous communiquez et interagissez avec les autres, tant sur le plan professionnel que personnel.<\/p>\n\n\n\n<figure class=\"wp-block-embed is-type-video is-provider-youtube wp-block-embed-youtube wp-embed-aspect-16-9 wp-has-aspect-ratio\"><div class=\"wp-block-embed__wrapper\">\n<div class=\"ast-oembed-container\" style=\"height: 100%;\"><iframe loading=\"lazy\" title=\"Qu&#039;est-ce que la Process Communication Model?\" width=\"500\" height=\"281\" src=\"https:\/\/www.youtube.com\/embed\/RuG_UCZIULI?feature=oembed\" frameborder=\"0\" allow=\"accelerometer; autoplay; clipboard-write; encrypted-media; gyroscope; picture-in-picture; web-share\" referrerpolicy=\"strict-origin-when-cross-origin\" allowfullscreen><\/iframe><\/div>\n<\/div><\/figure>\n","protected":false},"excerpt":{"rendered":"<p>Comprendre et am\u00e9liorer la communication interpersonnelle gr\u00e2ce au mod\u00e8le PC La communication est au c\u0153ur de toutes les interactions humaines, que ce soit dans le cadre professionnel ou personnel. La Process Communication Model (PCM) est un mod\u00e8le de communication puissant qui offre des perspectives uniques pour comprendre et am\u00e9liorer la communication interpersonnelle. Dans cet article, &hellip;<\/p>\n<p class=\"read-more\"> <a class=\"\" href=\"https:\/\/origami-formations-sante.fr\/index.php\/decouvrez-la-process-communication-model-pcm\/\"> <span class=\"screen-reader-text\">D\u00e9couvrez la Process Communication Model\u00ae (PCM)<\/span> Read More &raquo;<\/a><\/p>\n","protected":false},"author":1,"featured_media":0,"parent":0,"menu_order":0,"comment_status":"closed","ping_status":"closed","template":"","meta":{"site-sidebar-layout":"default","site-content-layout":"","ast-site-content-layout":"","site-content-style":"default","site-sidebar-style":"default","ast-global-header-display":"","ast-banner-title-visibility":"","ast-main-header-display":"","ast-hfb-above-header-display":"","ast-hfb-below-header-display":"","ast-hfb-mobile-header-display":"","site-post-title":"","ast-breadcrumbs-content":"","ast-featured-img":"","footer-sml-layout":"","theme-transparent-header-meta":"","adv-header-id-meta":"","stick-header-meta":"","header-above-stick-meta":"","header-main-stick-meta":"","header-below-stick-meta":"","astra-migrate-meta-layouts":"","ast-page-background-enabled":"default","ast-page-background-meta":{"desktop":{"background-color":"var(--ast-global-color-4)","background-image":"","background-repeat":"repeat","background-position":"center center","background-size":"auto","background-attachment":"scroll","background-type":"","background-media":"","overlay-type":"","overlay-color":"","overlay-gradient":""},"tablet":{"background-color":"","background-image":"","background-repeat":"repeat","background-position":"center center","background-size":"auto","background-attachment":"scroll","background-type":"","background-media":"","overlay-type":"","overlay-color":"","overlay-gradient":""},"mobile":{"background-color":"","background-image":"","background-repeat":"repeat","background-position":"center center","background-size":"auto","background-attachment":"scroll","background-type":"","background-media":"","overlay-type":"","overlay-color":"","overlay-gradient":""}},"ast-content-background-meta":{"desktop":{"background-color":"var(--ast-global-color-5)","background-image":"","background-repeat":"repeat","background-position":"center center","background-size":"auto","background-attachment":"scroll","background-type":"","background-media":"","overlay-type":"","overlay-color":"","overlay-gradient":""},"tablet":{"background-color":"var(--ast-global-color-5)","background-image":"","background-repeat":"repeat","background-position":"center center","background-size":"auto","background-attachment":"scroll","background-type":"","background-media":"","overlay-type":"","overlay-color":"","overlay-gradient":""},"mobile":{"background-color":"var(--ast-global-color-5)","background-image":"","background-repeat":"repeat","background-position":"center center","background-size":"auto","background-attachment":"scroll","background-type":"","background-media":"","overlay-type":"","overlay-color":"","overlay-gradient":""}},"footnotes":""},"class_list":["post-9","page","type-page","status-publish","hentry"],"_links":{"self":[{"href":"https:\/\/origami-formations-sante.fr\/index.php\/wp-json\/wp\/v2\/pages\/9","targetHints":{"allow":["GET"]}}],"collection":[{"href":"https:\/\/origami-formations-sante.fr\/index.php\/wp-json\/wp\/v2\/pages"}],"about":[{"href":"https:\/\/origami-formations-sante.fr\/index.php\/wp-json\/wp\/v2\/types\/page"}],"author":[{"embeddable":true,"href":"https:\/\/origami-formations-sante.fr\/index.php\/wp-json\/wp\/v2\/users\/1"}],"replies":[{"embeddable":true,"href":"https:\/\/origami-formations-sante.fr\/index.php\/wp-json\/wp\/v2\/comments?post=9"}],"version-history":[{"count":4,"href":"https:\/\/origami-formations-sante.fr\/index.php\/wp-json\/wp\/v2\/pages\/9\/revisions"}],"predecessor-version":[{"id":144,"href":"https:\/\/origami-formations-sante.fr\/index.php\/wp-json\/wp\/v2\/pages\/9\/revisions\/144"}],"wp:attachment":[{"href":"https:\/\/origami-formations-sante.fr\/index.php\/wp-json\/wp\/v2\/media?parent=9"}],"curies":[{"name":"wp","href":"https:\/\/api.w.org\/{rel}","templated":true}]}}